on factor of m and 20?
10
Suppose -36 = 23*s - 35*s. Suppose 3 = u - 18. What is the highest common factor of s and u?
3
Suppose 0*v = 3*v. Suppose v = 5*p + 3*j - 797, -477 = -3*p + 3*j - 6*j. Calculate the greatest common factor of p and 20.
20
Let g(d) = -d**2 - 6*d - 1. Let j be g(-6). Let k = 25 + j. Suppose 5*m + 4*u = 948, -m + 0*u = -4*u - 204. Calculate the greatest common divisor of k and m.
24
Let t be ((-7)/(-13 - 1))/(2/60). What is the greatest common divisor of 105 and t?
15
Let v = -10 + 40. What is the highest common factor of v and 240?
30
Suppose -5*j = -48 + 3. Suppose 123*a - 189 = 120*a. What is the highest common factor of a and j?
9
Suppose -2*h + 11 - 109 = 0. Let j = -7 - h. What is the greatest common divisor of 28 and j?
14
Let f = 0 - -18. Let q(i) = -i**3 - 4*i**2 - 5*i - 5. Suppose -25 = 4*t - 5. Let d be q(t). Calculate the highest common factor of d and f.
9
Let j(m) be the first derivative of -7*m**2/2 - m + 1. Let l be j(-4). Let v be (-6)/l - (-326)/9. What is the highest common divisor of 90 and v?
18
Let r be 2 + 1 - (2 - 179). What is the highest common factor of 20 and r?
20
Let x = -82 + 124. Calculate the highest common divisor of x and 105.
21
Let a(z) = z**3 + 14*z**2 + z + 32. Let b be a(-14). Let t = 80 + 10. What is the greatest common factor of t and b?
18
Let q(b) = 20*b. Let s be q(-2). Let x = -24 - s. Calculate the greatest common factor of x and 8.
8
Let b(g) = 14*g + 1. Let w(p) = -14*p - 1. Let f(v) = 5*b(v) + 4*w(v). Let c be f(1). Let h = -144 - -219. Calculate the highest common factor of c and h.
15
Suppose 5*q + 17 = 2*y - 15, -4*y = 2*q - 88. Calculate the highest common divisor of y and 3.
3
Let g = -22 - -38. Let x(i) = 2*i**2 + 7*i + 28. Let a be x(-4). Calculate the greatest common factor of g and a.
16
Suppose 0 = i - 18 - 30. Suppose -7*y + 121 = 9. What is the highest common factor of i and y?
16
Suppose 912 = 4*d - 4*a, d - 2*d + 2*a = -230. Suppose 3*s = 2*i + d + 10, -5*s + 396 = -2*i. Calculate the greatest common factor of s and 20.
20
Let n = -161 + 301. What is the highest common divisor of 35 and n?
35
Let l be (-85)/(((-4)/(-4))/(-1)). What is the highest common factor of l and 34?
17
Let s(y) = -15*y**3 - 3*y**2 - 4*y - 3. Let c be s(-1). Suppose -3*m - 28 + 192 = -4*h, -2 = h. Calculate the greatest common factor of c and m.
13
Suppose 1 = -v, 3*v = 4*q - 0*v - 43. Suppose 2*z = -4*g + 152, 4*z - 3*g - 274 = -g. Calculate the highest common factor of q and z.
10
Let f = 21 + -8. Suppose 104 = 3*h - h. What is the greatest common factor of f and h?
13
Suppose -39 = -2*i - 0*b + b, -4*b = -2*i + 30. Let v = 37 - i. What is the highest common divisor of v and 64?
16
Let y(z) = -z + 8. Let v be y(7). Let p = 19 - v. Calculate the greatest common factor of 18 and p.
18
Suppose 0 = -3*l + j - 5*j - 147, 3 = j. Let d = -110 - -9. Let c = l - d. Calculate the greatest common factor of 6 and c.
6
Suppose -10 = -3*i - 2*i. Suppose -1 = q + o + 6, -5*q - 3*o - 27 = 0. Let t be -3 + q + 2 + 9. What is the highest common divisor of t and i?
1
Let q = -15 - -11. Let h be q/24 + (-386)/(-12). Let m = 76 - h. What is the greatest common divisor of m and 11?
11
Suppose 16 = 2*a + 4*f, -2*f + 16 + 28 = 4*a. Let p = -3 - -4. Let j = p + 2. What is the highest common factor of a and j?
3
Let i(h) = h + 38 + 0*h - 11. Let x be i(0). Calculate the highest common divisor of 9 and x.
9
Let p(g) = -g - 1. Let s be p(-9). Suppose -80 + 344 = 3*l. What is the greatest common factor of l and s?
8
Suppose 5*s + q = 168, 0 = -6*s + 2*s + 3*q + 123. Calculate the greatest common factor of s and 44.
11
Suppose 1 = 3*p - 8. Let y(k) be the third derivative of k**5/30 + k**4/8 + k**3/6 - k**2. Let i be y(-2). What is the highest common factor of p and i?
3
Suppose -2 = -y + 3. Suppose -3*c - 24 = -y*c. Calculate the greatest common divisor of 2 and c.
2
Let f be ((-24)/30)/(2/(-30)). Let o(j) = -53*j + 2. Let s be o(-2). What is the highest common factor of f and s?
12
Let z be 8/24 - 142/(-6). Suppose 5*n + y = 172, 3*n = 5*y - z + 144. Calculate the highest common factor of 14 and n.
7
Let x = 46 - 38. Calculate the greatest common factor of 64 and x.
8
Let h = 2 - -7. What is the greatest common factor of h and 36?
9
Suppose c = 5*c + 4*g - 140, 5*c - g - 181 = 0. Calculate the greatest common factor of 90 and c.
18
Let q = 49 - 22. Let z = q - 13. Let m be (7/(z/20))/1. What is the greatest common factor of m and 80?
10
Suppose 2*z - 5*z = -4*t + 71, 2*t - 34 = 2*z. Suppose f + 16 = 3*f. What is the highest common factor of f and t?
4
Suppose -2*b + 6*b - 24 = 0. Let x be 12/2*10/4. What is the greatest common divisor of x and b?
3
Let t(l) = -5 + l**3 - 4*l**2 + 7*l + 0*l**3 + 0*l**3. Suppose u = -4*u + 25. Let g be t(u). What is the greatest common factor of 11 and g?
11
Let h = 28 - 40. Let g = -5 - h. Calculate the highest common factor of 77 and g.
7
Let i be -23*(-4 + 8/4). What is the greatest common divisor of 69 and i?
23
Let r = 21 + -14. Calculate the highest common factor of 14 and r.
7
Let g be (0 - 0)/(-13 + 12). Let v = 1 - -3. Suppose -48 = -v*w - g*w. What is the greatest common divisor of 6 and w?
6
Let o(v) = -2*v + 33 + 3 + 3*v. Let c be o(0). Calculate the greatest common factor of 18 and c.
18
Suppose -5*a + 26 = -4*a. Suppose 97 = 3*n - 6*p + p, -203 = -5*n - 2*p. What is the highest common factor of n and a?
13
Let r(l) = l**2 + 14*l + 30. Let z be r(-12). Calculate the highest common factor of z and 4.
2
Suppose -4*a + 79 = 4*r + 11, 5*a + 2*r - 91 = 0. Calculate the highest common divisor of 38 and a.
19
Let h(p) = -p**2 + 2*p + 4. Let c be h(6). Let t = -8 - c. Suppose 9*d = 14*d - 120. What is the highest common factor of t and d?
12
Suppose 2*o - 6 - 36 = 0. What is the highest common divisor of 63 and o?
21
Let p = -44 - -109. Let d be ((-90)/(-8))/((-5)/(-20)). Suppose d = 3*f - 0*c - 2*c, 0 = -5*f - 4*c + 53. Calculate the highest common divisor of p and f.
13
Let g = -21 - -35. Let c = 8 - 5. Suppose 0 = c*w - 20 - 22. Calculate the greatest common factor of w and g.
14
Let o = 5 + -5. Suppose 2*z + 3*i - 22 = 47, o = 5*z + 5*i - 160. Suppose -3*j + 3 = -6. What is the greatest common factor of j and z?
3
Suppose 4*s + 5 = -19. Let a = 3 - s. What is the greatest common factor of 63 and a?
9
Let j be 4*(-1 - -3)*1. Let h = 4 + -2. Suppose 2*l = l + h. What is the highest common factor of j and l?
2
Suppose 2*p = -3*p + 10. Let h = 11 - p. What is the highest common factor of h and 81?
9
Let k be (-2 + 4)*(-84)/(-2). What is the greatest common divisor of k and 56?
28
Let t = -12 + 18. Calculate the greatest common divisor of 30 and t.
6
Let s be (-2)/(-5) - 73/(-5). What is the greatest common divisor of 3 and s?
3
Let v = 4 + -2. Let a be (v/6)/(2/36). Suppose -4 = -f, -2*q = f - 4*f - 24. Calculate the highest common divisor of q and a.
6
Suppose -4*c = -2*a - 138, -2*a - 73 = -2*c - 5*a. Let j = -4 - -9. Calculate the highest common factor of j and c.
5
Suppose -3 - 62 = -5*o. Let k(p) = 11*p - 1. Let f be k(6). Calculate the greatest common factor of o and f.
13
Suppose 0*n - 30 = -5*n. Let y(s) = -s**2 + 12*s - 14. Let q be y(10). What is the highest common factor of q and n?
6
Suppose 4*y = -5*b + 129, 5*y - 5*b - 182 - 13 = 0. Let v = y - 22. Let d be 35*(0 + (-2)/(-5)). What is the highest common factor of v and d?
14
Let f = 36 + 19. What is the greatest common divisor of f and 22?
11
Let h = 11 - 12. Let k be h*2*(-34)/4. What is the greatest common factor of 187 and k?
17
Let j(z) = -z**3 - 6*z**2 - 3*z + 1. Let d be j(-8). Let w be d - (0 - (-2)/(-2)). Calculate the greatest common divisor of w and 14.
14
Suppose -2*m - 18 = -4*m. Calculate the highest common factor of 9 and m.
9
Let i(t) = 2*t + 14. Let p be i(-6). What is the highest common divisor of 11 and p?
1
Suppose -82 = -4*f + 2*f. Let l = 65 - f. Calculate the highest common factor of 8 and l.
8
Let i(b) = 16*b**3 - 2*b**2 + 2*b - 1. Let s be i(1). Calculate the highest common factor of s and 105.
15
Let t be 1*(-1 + 4 + 3). Suppose -2*n = t - 16. Suppose n*j = 4*a - 611, 2*j + 156 = a + 4*j. What is the highest common factor of 14 and a?
14
Suppose 28 + 44 = 2*l. Calculate the highest 